e -3*c + 11 = 2*d, 3*d + d = 4*c + 12. Let u = d - 0. Suppose 0*i + 4*i - 2*r - 20 = 0, -44 = -u*i - 4*r. What are the prime factors of i?
7
Let i = 21 - 29. Let l = 20 + i. Suppose -57 = -5*f - l. List the prime factors of f.
3
Suppose -s + 43 = 11. Suppose -2*i + s = -28. What are the prime factors of i?
2, 3, 5
Let y be (-1)/4 - (-279)/12. Suppose -y = -b - 3*n, -2*b = 3*n - 27 - 22. What are the prime factors of b?
2, 13
Let w(f) = -3*f + 12. List the prime factors of w(-10).
2, 3, 7
Let n = -6 - -70. List the prime factors of n.
2
Let w(v) = -v**3 + 17*v**2 + 27*v - 28. What are the prime factors of w(18)?
2, 67
Let h be 9/4*(-16)/(-6). Let n(t) = -2 + h - t - 1. What are the prime factors of n(-8)?
11
Suppose 3*a + 4*g - 184 = -a, -a - 5*g = -38. List the prime factors of a.
2, 3
Suppose -m - 3*d + 7 = -2*m, -5*d = 4*m - 23. Suppose 0 = -x - 3*p - 12, m + 1 = -p. List the prime factors of -5*((-34)/10 - x).
2
Suppose 5*z + 8 - 78 = 0. Let r be 1*0*2/6. Suppose b + 4*v - z = r, b - v + 3 = 12. What are the prime factors of b?
2, 5
Suppose -v + 10 = -46. Suppose -2*u + 2*a = -8, 5*u - u - v = -4*a. What are the prime factors of u?
3
Let f be 1045/25 + 1/5. Suppose 2*s - 2 - f = 0. Let z = s - 11. What are the prime factors of z?
11
Let r(q) = -7*q - 24. What are the prime factors of r(-17)?
5, 19
Let r = 11 - 9. Suppose 4 = -r*c + 34. What are the prime factors of c?
3, 5
Let i = 5 - 3. Let v(y) = y - 3 - y + i*y. List the prime factors of v(7).
11
Let m be (-4)/8 + 17/(-2). List the prime factors of m*3/(-1 - 2).
3
Let t = -14 + 16. What are the prime factors of t?
2
Suppose -23 + 7 = -4*z. Let k(i) = -i - 2 - z - i + 3*i. List the prime factors of k(9).
3
Suppose -n = -2*n + 3. Let i be n - (3 + -2 + -3). Suppose -21 = -2*q - i*f, 4*q - 7 = -f + 8. What are the prime factors of q?
3
Let k(c) = -c + 1. Let p be k(0). List the prime factors of 7 + -4 + (14 - p).
2
Let n = 3 - 1. List the prime factors of 372/(-15)*(-5)/n.
2, 31
Let r(i) = 3*i - 1 - 4*i + 8*i**3 + 0*i**2 + i**2 + 2*i. Let l be ((-3)/(-2) + -2)*-2. List the prime factors of r(l).
3
Suppose 0 = 4*u - 5*d + 4 - 148, d = u - 37. List the prime factors of u.
41
Let t = -8 + 15. List the prime factors of 208/t - 6/(-21).
2, 3, 5
Suppose 3*q - 7 - 2 = 0. Suppose 3*o - q = 63. Suppose -2*y - x + o = -6*x, 4*x = 4*y - 68. What are the prime factors of y?
3, 7
Suppose 3*h = 3*g - 24 - 48, 3*h + 9 = 0. List the prime factors of g.
3, 7
Suppose 2*z - 115 = -3*z. List the prime factors of z.
23
Let f(o) = 3*o**3 - 2*o - 1. Suppose -5*p - 4 - 1 = 5*w, -3*p + 1 = -w. Let c be f(w). What are the prime factors of ((-84)/15)/(c/5)?
2, 7
Let z(h) = -h**3 + 15*h**2 - 7*h - 23. What are the prime factors of z(12)?
5, 13
Let q(f) be the third derivative of f**4/24 + f**3/2 - f**2. Let s = -1 + 1. What are the prime factors of q(s)?
3
Let z = -130 + 248. What are the prime factors of z?
2, 59
Suppose 5*n = -5*i - 20, -2*n + 7 = i - 2*i. Let d(t) = 14*t - 2. What are the prime factors of d(n)?
2, 3
Let s(h) be the second derivative of h**5/20 - 3*h**4/4 - 11*h**3/6 + 3*h**2 + 4*h. Let a be s(10). Let m = a - -16. What are the prime factors of m?
2, 3
Suppose 4*j = -3 - 1, -h - 4*j = -6. What are the prime factors of h?
2, 5
List the prime factors of (16/20)/(-1)*-225.
2, 3, 5
Let w(b) = -5*b**2. Let h be w(2). Let p be (-132)/h - 6/10. List the prime factors of ((-51)/p)/((-3)/6).
17
Let a = 81 - 4. Let m = a + -52. What are the prime factors of m?
5
Let m = -1 - -1. Let w = m + 17. List the prime factors of w.
17
Suppose 3*h + a = 7, -a + 5 = 4*a. Suppose i = -4*i - h*c + 50, -3*i + 11 = 5*c. List the prime factors of i.
2, 3
Suppose d - j - 84 = -31, 5*j - 29 = -d. List the prime factors of d.
7
Let k(n) = 3*n - 9. Let m(l) = 8*l - 26. Let q(g) = -11*k(g) + 4*m(g). Let u be q(-5). Suppose i - 8 = -u. List the prime factors of i.
2
Suppose -3*q + 2*q + 29 = 0. List the prime factors of q.
29
Let z(u) = -u**2 + 7*u + 3. Let m be z(9). Let s = 22 + m. What are the prime factors of s?
7
Suppose 2*q - 198 = -2*l, 0 = -2*l - 2*l - 3*q + 392. List the prime factors of l.
5, 19
Let m(d) = 2*d - 2. Let f be m(2). Suppose -5*j + f*j + 144 = 0. List the prime factors of j.
2, 3
Let f be (-312)/30 - (-4)/10. List the prime factors of ((-32)/f)/((-10)/(-25)).
2
Let s(i) = 3*i - 1. Let x be s(1). Suppose -5*b = m - 10*b, -x*b + 2 = 0. Suppose -m - 10 = -5*t. List the prime factors of t.
3
Let j be (-5)/1*(3 + -2). List the prime factors of ((-2)/(-4))/(j/(-110)).
11
Let n = 146 - 54. List the prime factors of n.
2, 23
Let l(y) = y - 1. Let v(x) = 12*x. Let i(r) = 10*l(r) - v(r). Suppose -2*z - 5*w - 25 = 0, -2*z + 4*w + 3 = 19. What are the prime factors of i(z)?
2, 5
Let b(x) = -6*x**3 - 2*x**2 + 1. Let u be b(-1). Let p = 3 - u. Let y(s) = -8*s - 3. List the prime factors of y(p).
13
Suppose -i - 12 = -2*f, 2*i = 3*f - 8 - 9. Suppose m + 6 - f = 0. List the prime factors of m/((-3)/(-42)*1).
2, 7
Let o be 24/(-84) - 1222/(-14). Let m = 128 - o. List the prime factors of m.
41
Suppose -3*h + 9 = 4*y, -2*y + 4*h = y - 13. Suppose 2*t = 1 + y. Suppose 3*p + t*i = -p, -20 = -4*p + 3*i. List the prime factors of p.
2
Suppose 5*u - 200 = 3*u. List the prime factors of u.
2, 5
Let x = 276 - 196. List the prime factors of x.
2, 5
Let b(q) = -q + 13. Let d be b(9). Suppose d*h = -0*h + 148. List the prime factors of h.
37
Let a be ((-3)/3 - -6)*-1. Let t = a + 16. What are the prime factors of t?
11
Suppose 0 = -2*o + 10, 0 = n - 3*n - o - 3. Let r(h) = 6*h**3 + h**2 - 1. Let b be r(-1). List the prime factors of ((-6)/n)/((-1)/b).
3
Let y = 66 + -47. What are the prime factors of y?
19
Suppose -r = -3 - 3. List the prime factors of (10/(-4)*r)/(-1).
3, 5
Let m be 5/30 + 250/12. Let x be 2/(-6)*-1*m. Suppose x*f - 60 = 2*f. List the prime factors of f.
2, 3
Let d be -31 - -5 - -2*1. Let x = 46 + d. List the prime factors of x.
2, 11
Let j(z) = 2*z - 4. Let d be j(3). Suppose -3*l = 3*v - d*l - 15, 0 = -5*l. List the prime factors of v.
5
Let u(j) = -2*j**3 - 2*j**2 + 2*j + 2. Let n be u(-2). Let k(a) = a**2 - 5*a - 4. What are the prime factors of k(n)?
2
Let y(b) = b + 1 - 3 + 7 + 2. What are the prime factors of y(0)?
7
Suppose o + 10 = -6. Let g be 1 - (-2)/(2/27). Let l = g + o. List the prime factors of l.
2, 3
Let k(x) be the third derivative of x**4/6 - 2*x**3 + 4*x**2. What are the prime factors of k(8)?
2, 5
Let c = 85 - 49. What are the prime factors of c?
2, 3
Suppose -5 = -5*i - 3*f, -28 = 3*i - 3*f - 7. Let z(m) = -m**3 - 6*m**2 - m + 1. Let v be z(-6). Let h = i + v. List the prime factors of h.
5
List the prime factors of (0 - (3 + -82))/1.
79
Let b(d) be the third derivative of 5*d**4/24 + 3*d**2. List the prime factors of b(1).
5
Let m be ((-4)/(-5))/((-6)/(-15)). Suppose m*h = -4 + 38. What are the prime factors of h?
17
Suppose 4*o + 11 = 5*o + 5*h, 0 = 2*o + 4*h - 4. What are the prime factors of (-59)/o - 3/4?
2, 7
Suppose -2*p - 5*z + 20 = 0, p - 5*z + 20 = 2*p. Suppose p = -4*y + j - 2 + 62, 3*j + 68 = 5*y. List the prime factors of y.
2
Let q(s) = -s + 13. List the prime factors of q(-7).
2, 5
Let c(b) = b**3 + 9*b**2 + 5. Let z be c(-5). Let i = -44 + z. Suppose 0 = -5*j - 2*n - 0*n + i, 0 = 5*j - 2*n - 49. List the prime factors of j.
11
Let o(b) = b**3 - 9*b**2 + b - 4. Let a = -8 + 17. What are the prime factors of o(a)?
5
Suppose 2*f + f + 123 = 0. Let v = -78 - f. Let n = -22 - v. List the prime factors of n.
3, 5
Let t = 81 + -24. What are the prime factors of t?
3, 19
Let x(l) = l**2. Let t be x(0). Suppose t = 3*u - 8 - 4. Suppose -u*w + w = -36. List the prime factors of w.
2, 3
Suppose -5*f = -2*w - 159, f + 3*f = -w + 122. List the prime factors of f.
31
Let g = -23 + 14. Let m = 28 + g. What are the prime factors of m?
19
Let n be -1 + 31/((-3)/(-3)). Suppose -4*l = l - n. List the prime factors of l.
2, 3
Let r(q) = -3*q**3 - 3*q**2 + 3*q + 2. Let l(g) = -13*g**3 + 6 + 1 + 2 - 12*g**2 + 13*g. Let u(o) = -2*l(o) + 9*r(o). What are the prime factors of u(-4)?
2, 3
Let c(y) = y**2 - 6*y + 16. List the prime factors of c(7).
23
Let r(b) = 4*b**3 + 6*b**2 - 5*b - 20. Let g(h) = -h**3 - h**2 + h - 1. Let t(x) = -5*g(x) - r(x). What are the prime factors of t(0)?
5
Suppose 2*y = -